{"id":1452,"date":"2012-06-26T16:40:53","date_gmt":"2012-06-26T16:40:53","guid":{"rendered":"http:\/\/www.altiplanico.cl\/?page_id=1452"},"modified":"2015-05-04T17:41:14","modified_gmt":"2015-05-04T17:41:14","slug":"arquitetura","status":"publish","type":"page","link":"https:\/\/www.altiplanico.cl\/pt-br\/altiplanico-puerto-natales\/arquitetura\/","title":{"rendered":"Arquitetura"},"content":{"rendered":"<p style=\"text-align: justify;\">O hotel fica na encosta de uma colina natural que alcan\u00e7a o mar de \u00daltima Esperan\u00e7a e est\u00e1 repleto de cabanas de palha em todo o seu exterior, nas paredes e nos tetos. Estas caracter\u00edsticas externas fazem o hotel se fundir com seus arredores. Quando voc\u00ea se aproxima, este parece estar inclu\u00eddo na colina sem alterar a paisagem.<\/p>\n<p style=\"text-align: justify;\">O interior foi concebido para que o turista se sinta acolhido, inclusive para que haja intera\u00e7\u00e3o com o exterior, pois o hotel tem uma vista expendida sobre \u00daltima Esperan\u00e7a e a Geleira Balmaceda. Portanto, a decora\u00e7\u00e3o \u00e9 m\u00ednima, a cor \u00e9 quase inexistente e foi privilegiada a utiliza\u00e7\u00e3o de materiais em sua forma menos elaborada. Os m\u00f3veis de cipreste das Guaitecas e de ferro foram especialmente concebidos para o hotel.<\/p>\n","protected":false},"excerpt":{"rendered":"<p>O hotel fica na encosta de uma colina natural que alcan\u00e7a o mar de \u00daltima Esperan\u00e7a e est\u00e1 repleto de cabanas de palha em todo o seu exterior, nas paredes e nos tetos. Estas caracter\u00edsticas externas fazem o hotel se fundir com seus arredores. Quando voc\u00ea se aproxima, este parece estar inclu\u00eddo na colina sem [&hellip;]<\/p>\n","protected":false},"author":3,"featured_media":3175,"parent":1443,"menu_order":0,"comment_status":"closed","ping_status":"closed","template":"a-natales.php","meta":{"footnotes":""},"class_list":["post-1452","page","type-page","status-publish","has-post-thumbnail","hentry"],"_links":{"self":[{"href":"https:\/\/www.altiplanico.cl\/pt-br\/wp-json\/wp\/v2\/pages\/1452","targetHints":{"allow":["GET"]}}],"collection":[{"href":"https:\/\/www.altiplanico.cl\/pt-br\/wp-json\/wp\/v2\/pages"}],"about":[{"href":"https:\/\/www.altiplanico.cl\/pt-br\/wp-json\/wp\/v2\/types\/page"}],"author":[{"embeddable":true,"href":"https:\/\/www.altiplanico.cl\/pt-br\/wp-json\/wp\/v2\/users\/3"}],"replies":[{"embeddable":true,"href":"https:\/\/www.altiplanico.cl\/pt-br\/wp-json\/wp\/v2\/comments?post=1452"}],"version-history":[{"count":3,"href":"https:\/\/www.altiplanico.cl\/pt-br\/wp-json\/wp\/v2\/pages\/1452\/revisions"}],"predecessor-version":[{"id":3176,"href":"https:\/\/www.altiplanico.cl\/pt-br\/wp-json\/wp\/v2\/pages\/1452\/revisions\/3176"}],"up":[{"embeddable":true,"href":"https:\/\/www.altiplanico.cl\/pt-br\/wp-json\/wp\/v2\/pages\/1443"}],"wp:featuredmedia":[{"embeddable":true,"href":"https:\/\/www.altiplanico.cl\/pt-br\/wp-json\/wp\/v2\/media\/3175"}],"wp:attachment":[{"href":"https:\/\/www.altiplanico.cl\/pt-br\/wp-json\/wp\/v2\/media?parent=1452"}],"curies":[{"name":"wp","href":"https:\/\/api.w.org\/{rel}","templated":true}]}}

<p style="text-align: justify;">O hotel fica na encosta de uma colina natural que alcança o mar de Última Esperança e está repleto de cabanas de palha em todo o seu exterior, nas paredes e nos tetos. Estas características externas fazem o hotel se fundir com seus arredores. Quando você se aproxima, este parece estar incluído na colina sem alterar a paisagem.</p>
<p style="text-align: justify;">O interior foi concebido para que o turista se sinta acolhido, inclusive para que haja interação com o exterior, pois o hotel tem uma vista expendida sobre Última Esperança e a Geleira Balmaceda. Portanto, a decoração é mínima, a cor é quase inexistente e foi privilegiada a utilização de materiais em sua forma menos elaborada. Os móveis de cipreste das Guaitecas e de ferro foram especialmente concebidos para o hotel.</p>

<p>O hotel fica na encosta de uma colina natural que alcança o mar de Última Esperança e está repleto de cabanas de palha em todo o seu exterior, nas paredes e nos tetos. Estas características externas fazem o hotel se fundir com seus arredores. Quando você se aproxima, este parece estar incluído na colina sem [&hellip;]</p>
